 - -7 - (4 - 34)?
24
-49 - -25 - -109 - (9 + 31)
45
What is the value of (3 - -4 - (45 + -1)) + 0 + (1 - 6)?
-42
What is 17 - ((71 - 26) + -30 - 24)?
26
Evaluate (-1 - (14 + 2)) + (-30 + 79 - 77).
-45
Calculate 2 - -12 - (-7 - -76 - 63 - (111 - 3)).
116
What is 79 + (-45 - (-101 - -21)) + -33?
81
Evaluate 10 + (1 + -34 + (42 - 24) - 77).
-82
What is -87 + -4 + (-860 - -956)?
5
What is the value of (-14 + 5 - (12 - ((-23 - -14) + 39))) + -15?
-6
Evaluate (53 - 44) + (-1 - 1) + (2 - -8).
17
-25 + -2 - -1 - (-38 + 13)
-1
What is the value of -4 + (-2 - 16) - (41 + (38 - 65))?
-36
What is the value of 37 - (1 + (14 - 9)) - 24?
7
(-3 - -9 - -4) + 33 + -8 - -3
38
Calculate -10 + (24 - (35 + -34)).
13
Evaluate (9 - 13) + (-1 - 67).
-72
8 - (0 - 33 - (-17 + 26 + (0 - 18)))
32
10 + (9 - 6 - 12) + 3 + 3 - 2
5
Calculate 28 + 86 + -204 + 45 + -9.
-54
What is the value of (-21 - 25 - -26) + 52?
32
-279 - -276 - (-29 + 28 + -39 + 0)
37
What is the value of (-3 - -19) + (45 - 87) + 49?
23
Evaluate -10 - ((4 - -6) + 47) - (2 - -1).
-70
-85 + 47 + -7 + -13 + 32
-26
Calculate ((0 - 28) + 4 - 3 - -1) + (-226 - -227).
-25
What is the value of -1 - (-3 + -3) - (-971 - -839) - (-5 + 0)?
142
What is the value of (-7 - (32 - 17)) + 27 - 66?
-61
What is the value of (-6 - (-7 - 10)) + -1 + -2 + 18?
26
Evaluate (18 + (16 - 49) - -15) + 1 + -23.
-22
Evaluate 17 + (-32 - (-39 + -2)) + -16.
10
-186 - -207 - (19 + 0) - -45
47
What is (130 - 132) + (-5 - 2 - (12 + -4 - 35))?
18
What is 27 + -31 + (4 - 11 - (-27 - 2))?
18
What is -3 - ((-9 - (-6 - -5)) + (9 - -11))?
-15
-1 + 71 + (1170 - 1176) + 2 + -2 + 0
64
Evaluate 59 + 1 - (-44 + (10 - 11) + 31).
74
Calculate 248 - 231 - (-74 - 13).
104
What is 42 + -105 + 71 - 53?
-45
What is the value of -85 - ((-14 + -6 - -38) + -24 - -28)?
-107
(-138 - (-2 + (5 - -10) + -18)) + 2 + -17
-148
What is -5 - (2 + 0 + 6 + -17 + -1) - -6?
11
Calculate (19 - -6) + -5 + 31 + -41 + 18.
28
What is the value of 106 + -1 + (57 - (54 - (-29 + 28)))?
107
What is 72 + (-1 - (8 + -24)) + 3 + (0 - 6)?
84
Evaluate (-12 + -2 - (-36 + 30)) + 4 + 29.
25
Calculate 8 + 10 + 13 + -8 + -22 + 44.
45
Evaluate 97 + -4 + ((-2 - -21) + -27 - 7).
78
What is the value of 251 + -30 + -187 - (1 + -38)?
71
What is 26 - (25 + 4 - 0) - (3 + -7 - 72)?
73
What is the value of 16 + -60 + 27 + (34 - -4)?
21
Evaluate -17 - (-10 + -48) - 18 - -9.
32
Calculate (-53 + 21 - -31) + 0 + 1 - 8.
-8
Evaluate 8 + (11 - (3 + (-9 - -9))) - (-84 + 79).
21
42 + (37 - 3) + -1
75
Calculate -3 - -58 - (-26 + 12 + (4 - -12)).
53
What is 85 + (-19 - (26 - 32) - 8)?
64
Calculate 16 + -100 + 280 + -126.
70
Evaluate -105 + 106 + 24 + 1 + 40 + -47.
19
Calculate (0 - (18 + -25)) + (-4 - 36).
-33
What is 74 - 57 - (37 - -32)?
-52
Calculate 4 + -9 + -18 + 39.
16
Calculate (-8 + -4 - 16 - -17) + (-21 - 2).
-34
What is the value of (-16 - (-6 + -14 + 10)) + (90 - -1)?
85
Evaluate 3 + -6 + (-16 + (-13 - -5) - (-4 + -1)).
-22
Evaluate (325 - 324 - (4 - 33)) + -18.
12
Calculate -1 - (-27 - -36 - 17).
7
What is 13 + (24 - (32 + -2))?
7
Evaluate 19 - ((-17 + 43 - 10 - 0) + -11 + -1).
15
Evaluate 9 + (-14 - -35) + -54.
-24
Evaluate 9 - (-19 + 8 + 28 + -123).
115
Calculate 41 + -1 + (-438 - -333).
-65
Evaluate 10 - -6 - 1 - (15 - 2) - 1.
1
Calculate -1 - (-16 + 4) - (11 + -13) - (1 - -66).
-54
Calculate 19 + -51 + -36 + 40 - -48.
20
What is the value of (37 - (-36 - -120)) + 41?
-6
-519 - -505 - ((0 - -42) + (2 - (7 - 4)))
-55
What is the value of 19 + (-9 - (30 + -13))?
-7
Calculate (-60 - 0) + -2 + -11 + (39 - 39).
-73
Evaluate 0 + -6 + 1 + 17 + -12 + -17 - 9.
-26
What is the value of 144 + (100 - 53) + -87?
104
What is the value of 29 - (-44 + -9) - 46?
36
-46 + 9 + 38 + -33
-32
Evaluate -1 + 2 + -7 + -3 + -85 + 93 + 0.
-1
Evaluate 107 + -110 + ((0 - 5) + 3 - -5) + -2.
-2
Calculate 38 - (71 + 8 - 50).
9
Evaluate 90 + -9 + -54 + 11.
38
What is 6 - (-10 - (-6 + 8 - 2) - -9 - -4)?
3
Calculate (34 - 136) + 82 - (8 + 1).
-29
What is the value of 133 + (-252 - -96) + 94?
71
Calculate (-11158 - -11123) + -54 + 1.
-88
What is the value of -65 - (37 - 76) - -39?
13
What is 56 - ((100 - 170) + 138)?
-12
Evaluate (0 - 8) + -4 - -11 - (-2 - -7 - -2).
-8
Evaluate (122 + -38 - 16) + -24.
44
(19 - 51) + 20 + (-47 - 0) - (6 + 6)
-71
What is the value of 0 - -7 - (3 + -4 - ((-3 - 83) + 6))?
-72
What is 4 + (-5 - (-35 - (1 - 9 - 9)))?
17
What is the value of 39 + -1 - ((-12 + 25 - 24) + 17)?
32
What is the value of 1 + (61 - (-80 - -81))?
61
What is the value of -72 + (-24 - (-15 - 25)) + (6 - (0 - 1))?
-49
What is the value of -32 + 32 + -17 - (-1 + 1 - 6)?
-11
Calculate -214 - -123 - (-88 - -5).
-8
(-1439 - -1449) + (-3 - (-1 - (-1 + 63)) - 2)
68
Evaluate -22 + (-2 - -9) + -2 + 1 - (9 + -25).
0
What is -51 + -33 + 51 + (0 + 0 - 2)?
-35
-115 + (31 - -2) + (-30 - -22)
-90
What is (-9 - (-15 - 12)) + -45 - 3?
-30
Evaluate -21 - -41 - 2 - 36 - (-1 - 34).
17
Calculate (-214 - -32) + (0 - -59).
-123
Evaluate 15 - 76 - -59 - (19 + 1).
-22
Calculate -3 + 49 + -30 - 23 - (-130 + -3 + -2).
128
What is the value of 112 + -121 + (-1 - (65 + -7)) + (-1 - -2)?
-67
((-24 - 13) + 41 - (-1 - -15)) + -39
-49
Calculate 4 + (-8 - -3) + 5 - -11 - -12.
27
Calculate 58 + -59 + -39 + 14.
-26
What is the value of 14 - ((84 + (19 - -2) - 9) + -13)?
-69
1 - 0 - -20 - 40 - 13
-32
What is the value of 24 - -36 - 55 - (-2 + 49)?
-42
What is the value of 2 - (2 + 49) - (53762 - 53728)?
-83
58 + (-41 - 3) - (49 + 0)
-35
3 + (0 - (-102 + (-6 - (-3 + 18 + -6))))
120
What is (68 - 71 - (18 + -3)) + 22?
4
What is the value of -2 - ((130 - 170) + 6)?
32
What is the value of (-65 - 16) + 19 - -118?
56
What is the value of 10 - -18 - (-10 + 4) - (1 + (-7 - 4))?
44
Calculate (0 - -16 - -3) + 11 + -7 + -2 + 8.
29
Evaluate -3 + 41 + (-442 - -442).
38
(-3 - 0) + 90 + 189 + -182 - 3
91
28 - (-21 - -17 - -49 - -13)
-30
(-68 - -73) + (2 - 11 - -3) + -5 + -4
-10
Evaluate (-28 + 2 - -21) + (3 + 13 - 1) + 16.
26
Calculate -3 - (-2 - 93 - (733 + -730)).
95
What is 33 - (9 + (7 - 15) + 13 + -24)?
43
Evaluate -225 - -220 - (-20 + (-7 - -6)).
16
9 - (-153 + 177) - (-62 + (1 + -2 - -4))
44
Evaluate -17 + -7 + 1 + 60.
37
Calculate 23 - (1 - -1) - (-5216 - -5210).
27
What is -12 - (28 - -32 - 35)?
-37
What is -10 - ((-9 - -7) + 19 + -41) - 42?
-28
What is the value of (-4 - (-12 - (-21 + 2))) + 17 - -34?
40
Calculate (-39 - -36 - -14 - (18 - -1)) + -7.
-15
What is the value of (69 + 36 - 131) + -2 + -18?
-46
What is 0 + 1 - -4 - 1 - (-29093 - -29084)?
13
Calculate (-14 - (-7 + -4)) + 13 - 28.
-18
What is the value of (44 - (130 + -33)) + 33?
-20
Calculate (-115 - (-116 - -51)) + 118.
68
Calculate 0 + -15 + (-41 - (-94 - -79)).
-41
What is the value of (0 - -78) + -2 + -27 + -1852 + 1893?
90
What is the value of 1 + 95 + -19 + 5 - 24?
58
Calculate -96 + 35 - -57 - -54.
50
Calculate (141 - 180) + 25 + -3 - -21.
4
Evaluate -60 + 14 + 3 + 64.
21
What is the value of 24 + -48 + (4 - 3) + -9?
-32
What is the value of 0 - 1 - 59 - (750 - 768)?
-42
Calculate (-32 - (88 - 86)) + 18.
-16
What is 103 + -113 + (15 - 1)?
4
Calculate 16 - (-3 - (-10 + -8)) - 8.
-7
What is (5 - 63) + (100 - 97) - (-14 + 0)?
-41
Calculate -407 + 328 + 3 + 8 + -44.
-112
What is -51 - -5 - (-8 - -1) - (15 + -13 - 6)?
-35
What is the value of 2 - (29 - 6 - (-27 + -11 - -29))?
-30
31 + -54 + 9 - (-1 + 4 - 40)
23
-14 + 3 + (3 - -7) + -15 - 15
-31
Calculate 10 + 49 + (-5 + 10 - 13 - 0).
51
14 - (-17 + -13 + 42 + -12)
14
Calculate -36 + (7 + -49 - -116).
38
Evaluate 58 + (-65 - -23) + -42.
-26
What is the value of (-34 - (10 - (-1 - 3) - 29)) + 3?
-16
14 + -6 + -33 + 18 + -34 + 2 + -4
-43
What is the value of -24 + 81 + -79 + -24?
-46
What is the value of (-4 - -59) + (49 - (63 - 19)) + (-1 - 0)?
59
Calculate -38 + 14 + (30 - -1) - (0 - 42).
49
Evaluate 9 + -9 + -2 + 6 + (-34 - (3 + 7)).
-40
Evaluate -4 + -1 - (-21 + 78 + -60).
-2
(7 - 3 - 73) + -5 + (339 - 326)
-61
Evaluate 0 - (12 + (12 - 21) + -6 + -54).
57
Evaluate (27 - 40) + -17 + 4.
-26
(-63 - -73) + (-22 - 2) + (-12 - -86)
60
Calculate -1 - -25 - (45 + (-24 - 4) + 139).
-132
Evaluate -4 - ((-18 - (9 + -70)) + 5).
-52
Calculate (15 - -3) + (892 - 850).
60
What is the value of 10 + (-1 - 1) + (38 - -29 - 75)?
0
Calculate 73 + (10 - (15 - -5) - (0 - 5)).
68